Is g(i) prime?
False
Let k(o) = o**2 + 11*o + 27. Let f be k(-7). Let t(x) = x + 11. Let q be t(f). Suppose -6*h = -q*h + 3604. Is h a prime number?
False
Let w(f) = -30 + 7 + 2 - 286*f + 96*f. Let n be w(-10). Suppose -2*l = -0*k + k - 463, -4*k = -l - n. Is k composite?
True
Let w = -78806 + 127209. Is w a composite number?
True
Suppose a = 4*l - 92734, -25*l = -21*l - 3*a - 92738. Is l a composite number?
True
Let o(x) = -5*x**2 + x - 26. Let q(j) = 5*j**2 - 2*j + 26. Suppose 3*u = -0*t - t - 6, 5*u = t - 2. Let d(s) = t*o(s) - 2*q(s). Is d(12) a prime number?
False
Suppose -48 - 2 = -5*w. Suppose -w*x = -4*x - 24. Suppose 1041 = 5*i - x*a - 2936, -2*i = -2*a - 1590. Is i a prime number?
True
Let f(h) = h**3 - 2*h**2 - h. Let c be f(-1). Let t(j) = -488*j - 27*j**3 - 58*j**3 + 4*j**2 + 490*j - 1. Is t(c) a composite number?
False
Let u(f) = -4*f**2 - 48*f - 3. Let q be u(-12). Is 35796 - 5 - (-1 + -2 - q) a prime number?
False
Suppose k - 20 = 2. Let g = 26 - k. Is ((-2426)/g)/(6/(-12)) prime?
True
Suppose 3531*i = 3574*i - 30732917. Is i composite?
False
Let i = 42158 - 18601. Is i composite?
False
Let m(p) = -4*p**3 - 3*p**2 + 5*p - 7. Let l = 429 - 450. Is m(l) a prime number?
False
Let r(a) be the second derivative of 33*a**4/4 + 7*a**3/3 + 29*a**2/2 + 127*a. Is r(-3) a prime number?
False
Suppose 12*d + 1197245 = 3578861. Is (6/4)/(54/d) a composite number?
True
Is (-18 - (-983736)/9) + 9 a prime number?
False
Let q(l) = 7*l - 9. Let k be q(2). Suppose -36571 + 10761 = -2*w - 4*m, -k*m = -w + 12870. Is w composite?
True
Suppose 1483 = -8*m + 56339. Suppose 5*u - 12589 = -4*h, -3*u - 4*h + 698 + m = 0. Let i = u + -1600. Is i composite?
True
Suppose 8*k = 24 + 56. Let h(q) = 77*q**2 + 11*q - 32. Is h(k) a composite number?
True
Suppose -5*y + 90*l - 94*l = -36565, -l - 29231 = -4*y. Is y a composite number?
False
Let n(g) = -g**2 - 4*g + 4. Let j be n(-4). Let c = 498 - 489. Suppose -p = 4*x - 7029, 5*p - c = -j. Is x prime?
False
Suppose 14*v = 9*v + 30. Let f(g) = -3*g**3 + 9*g**2 - 7. Let r(m) = 7*m**3 - 17*m**2 + m + 13. Let d(a) = 5*f(a) + 2*r(a). Is d(v) prime?
False
Let z = 296 + -417. Let d = z + 126. Suppose -d*q - 5931 + 24106 = 0. Is q composite?
True
Suppose -5*s + 5*q = -1195, s = -q - 4*q + 209. Is (s + -25 - (-1 - 1))*29 prime?
False
Suppose 0*c + 3*f = -3*c + 31941, f + 42608 = 4*c. Is c a prime number?
True
Let p be (32/(-52))/(-4) + 46889/13. Let j = p + -348. Is j composite?
False
Suppose 2*n - u = -2*u + 4, -5*n - 1 = -3*u. Is (3628/(-12))/n*-3 prime?
True
Suppose -49*q + 37710 = -43*q. Suppose -14*h - h + q = 0. Is h composite?
False
Let u(o) = 913*o**2 - 14*o + 47. Let a be u(3). Let d = a + -3853. Is d a prime number?
False
Let j(a) = -a**3 - 13*a**2 - 21*a + 15. Let t be j(-20). Let d be 2/3 + 209/33. Is (2*-2 - (2 - d))*t a prime number?
False
Let m = -6745 - -10382. Is m composite?
False
Suppose 10779600 - 3593817 + 5434157 = 20*m. Is m prime?
True
Suppose 4*n - 10 - 6 = 2*c, -5*c - 12 = 4*n. Is (1 + (c - -1))*(-9726)/12 a composite number?
False
Let w(x) = -20*x**2 + 9 - 10*x + x**3 - 1 - 4. Let d be 174/8 - (-1)/((-4)/(-5)). Is w(d) composite?
False
Suppose 10*n - 17 = -47. Is (-1)/n - (-16328)/12 prime?
True
Suppose -5 = -29*p + 28*p. Suppose -2*d - 3*z = -p, 2*z - 13 = -4*d - z. Is 6/d*30974/51 composite?
False
Is (-2 - 8/6)/(-9*24/1693548) a composite number?
True
Suppose 4*a - 2*n - 14964 - 222362 = 0, -2*n = -a + 59327. Is a a prime number?
True
Let c(m) = 811*m**2 - m - 2. Suppose 3 - 4 = b. Let g be c(b). Is g/42 + (-4)/14 prime?
True
Suppose 3*f = 4*p - 2, -2*p + 1 + 3 = 0. Suppose -f*t + 5*k + 10 = -13, -2*t + 2 = 2*k. Suppose 0 = 2*q + 5*i - 5687, -t*q + 11309 = -2*i - i. Is q prime?
False
Let u(y) = y**2 + 5. Let b be u(0). Let c be -2 + (-1 - 0 - (-6 + 1)). Suppose -2*o = -4*t - 242, c*o - b*o + 5*t = -358. Is o prime?
False
Suppose 0 = -4*v - 3*y + 1443 + 2229, y - 1836 = -2*v. Suppose 5*r - 11669 = -2*h, -10240 + v = -4*r + 5*h. Is r a prime number?
True
Let f(d) = -16*d**3 - 3*d**2 + 12*d - 7. Let u be f(-5). Let q = u + -1273. Suppose q = 12*v - 1203. Is v a composite number?
False
Let b = 55 - 53. Suppose -2*x = b*x - 16. Suppose 195 = x*s - 2537. Is s prime?
True
Let y be 2/(-1 + (-10)/(-6)). Suppose -3*u = y*p - 10677, 3*u - 10685 = -0*u + p. Is u a composite number?
True
Let n(f) = f**3 - 24*f**2 + 18*f - 4. Let y be (1 - -15)/(-6 - -7). Let h be n(y). Let t = -901 - h. Is t composite?
False
Let l(a) = 53793*a**2 + 26*a + 67. Is l(-4) a composite number?
True
Suppose 0 = -2*r - 6*r + 24. Suppose 6 = -r*l + l. Is (-2053)/l - 4/(-6) a prime number?
False
Let a be (-4)/(-60)*5*2*-6. Is (331/2)/(10/a + 3) prime?
True
Suppose 2*d - 90879 - 64861 = 2*p, -4*d + p = -311507. Is d a composite number?
True
Suppose 5*g - 657 = 748. Let v(z) = -z**3 - 5*z**2 - 6*z - 3. Let x be v(-4). Suppose 2*s = x*d - 689, d + g = 3*d + s. Is d a composite number?
False
Suppose -3*y + 73 - 709 = -4*o, 4*y - 764 = -5*o. Suppose 166*h - o*h = 459490. Is h composite?
False
Let r(g) = -12461*g + 981. Is r(-10) prime?
True
Let u = -732751 - -1381682. Is u prime?
True
Let q be (-78)/(-9) - 3 - 4/6. Suppose -3*r + 340555 = 4*s, 6*s - 85110 = 5*s + q*r. Is s prime?
False
Suppose 0*v + 4*v = 1744. Let n(h) = -h + 17. Let x be n(6). Suppose x*l - v = 7*l. Is l composite?
False
Let b be (-37)/(814/(-132)) - -26425. Let c = 2317 - 17493. Let d = c + b. Is d composite?
True
Let q = -23740 + 10831. Is (40/6 - 7)/(1/q) composite?
True
Suppose 7*r = -31 + 59. Suppose -4*s + 2049 = r*h - 3*h, 5*h = 3*s + 10130. Is h a prime number?
True
Let a(q) = -3333*q - 1499. Is a(-6) a prime number?
False
Let f be 2*(1/(-2) + 3). Suppose -3*i + 1 = -3*k - f, 3*i - 5*k = 6. Is -4*((-25)/i + 4) prime?
False
Suppose 3 = 5*z - 3*y, -2*y + 6 = -2*z + y. Let d be 4/z*3231/3. Suppose 5*l - 7*l = -d. Is l prime?
False
Suppose -8*y + 3*y = -2*g - 6925, -5*g - 1385 = -y. Let q be (-3194)/(-6) + (-14)/42. Let a = y - q. Is a a prime number?
True
Suppose -4*f = -10*f + 162. Let p = f - 25. Suppose 2*w + 0*w = k - 1607, w - 3204 = -p*k. Is k composite?
True
Let h(m) = -11*m + 33. Let z be h(16). Let r = z - -150. Suppose r*o + 2165 - 14142 = 0. Is o composite?
True
Let k(v) = 345*v**2 + 6*v - 13. Let a be k(-6). Suppose -18*c + 37517 = a. Is c a prime number?
False
Let n(w) = 3852*w**2 - 8*w - 15. Let j be n(-2). Suppose 26825 = 6*a - j. Is a prime?
True
Suppose -120*p + 518794 + 27798 + 64568 = 0. Is p composite?
True
Suppose -3 = -i, -3*h - 4*i - 6882 = -0*h. Suppose -3*m = 2*s + 2984 + 395, 5661 = -5*m + 4*s. Let d = m - h. Is d a composite number?
True
Let r(z) = 11*z**2 + 9. Let y(v) = v**2 + 1. Let s(m) = -2*r(m) + 18*y(m). Let t be s(-1). Let b(o) = 13*o**2 - 4*o - 13. Is b(t) a composite number?
False
Let x(a) = -39825*a + 12. Let m(f) = -39826*f + 11. Let i(l) = 3*m(l) - 2*x(l). Let v be i(-3). Is v/68 + 2/(-8) a composite number?
True
Let b(r) = -3*r + 4*r + 0*r + 2 + 6*r**2 - 3*r. Let y be b(1). Suppose -353 - 1489 = -y*f. Is f a composite number?
False
Suppose -2*u + 6*d - 2*d = -3368, -4*u = 5*d - 6749. Let s(r) = 2*r**2 - 19*r + 42. Let n be s(3). Suppose n*f - f - u = 0. Is f prime?
False
Let j = 148260 - 27379. Is j composite?
True
Suppose -34*i - 1378 - 7326 = 0. Is 3039/(5 + i/56) prime?
False
Let i = -72140 + 144151. Is i prime?
False
Let q(h) = -h**3 - 9*h**2 + 8*h - 15. Let f be q(-10). Suppose 5*w + 2*i = 6985, -f*i - 761 = -w + 663. Is w a prime number?
True
Let u = 200 + 2172. Suppose 25583 - u = 9*t. Is t a prime number?
True
Suppose -5*u + 37 = 4*c - c, -3*c + 5 = u. Suppose -11*n + u*n + 14484 = 0. Suppose -n = -8*v + 6108. Is v composite?
False
Let f = -290429 + 570880. Is f a prime number?
True
Let z(d) = -d**3 - 4*d**2 + 9*d + 20. Let g be z(-5). Suppose g = k - 15663 + 5578. Is k prime?
False
Suppose 0 = -1162*m + 1163*m + 6. Let b(j) = -19*j - 9 + 9*j - 14*j - 12. Is b(m) prime?
False
Let c(y) = -y**3 + 56*y**2 - 53*y - 87. Let g be c(55). Suppose 34*j - 152251 = g*j. Is j a prime number?
True
Let m(c) = -343*c - 229. Let q be m(-9). Let k = q - 1855. Is k prime?
False
Let m be 2 + -2 + -6 + 11. Suppose 634 - 17199 = -4*v - m*t, 2*v = -t + 8275. Is v a composite number?
True
Let a = 158248 + -41459. Is a a composite num